ose -3*u - 4 = -8*u + 2*v, 5*v - 7 = 4*u. Suppose 11 = s + 2*r, -4*r + 6 + u = 0. What are the prime factors of s?
7
List the prime factors of (3 + 0)*10*2.
2, 3, 5
Let n(w) = w**2 + 7*w - 1. Let v be n(-7). List the prime factors of 7*v/((-4)/8).
2, 7
Let b be 2/(-4) + (-15)/(-2). Suppose 5*l = b*l - 14. What are the prime factors of l?
7
Let c(i) = -i**3 + 10*i**2 - 6*i - 12. What are the prime factors of c(9)?
3, 5
Let i(u) = 2*u**2 + 3. What are the prime factors of i(4)?
5, 7
Let j(i) = -5*i**3 + i + 1. Let z be j(-1). Suppose -3*c - z*l = -0*l - 67, 81 = 4*c + 5*l. List the prime factors of c/8 - 1/(-4).
2
List the prime factors of (-1024)/(-72) + (-2)/9.
2, 7
Let h(w) = 7*w**2 - 2*w + 14. Let r(g) = g**2 + 1. Let u(q) = h(q) - 6*r(q). List the prime factors of u(6).
2
Let b(m) = m**2 + 8*m - 9. Let x be b(-9). Suppose 0 = 3*q - x*q - 78. Suppose 2 = -4*a - 2, 3*z = -a + q. What are the prime factors of z?
3
Suppose 4*n = -603 + 43. What are the prime factors of (-2)/(-8) - n/16?
3
Let o(p) = p**3 + 4*p**2 + 2*p. Let k be o(-3). What are the prime factors of 69/(k*(-3)/(-6))?
2, 23
Let a(z) = -z**2 - 7*z - 9. Let g be a(-6). Let q = 5 + g. List the prime factors of ((-8)/(-10))/(q/15).
2, 3
Let d = 21 - 11. List the prime factors of d.
2, 5
Suppose 2*l + 3*v = 4*l - 206, -302 = -3*l + v. What are the prime factors of l?
2, 5
Let s(n) = -n**3 - 9*n**2 - 8*n + 7. List the prime factors of s(-9).
79
Let b = -7 + -8. What are the prime factors of (-2)/(-3) + (-125)/b?
3
Suppose 0 = 3*o - 5*o + 24. List the prime factors of o.
2, 3
Let m(i) = 2*i - 4. Let a be m(3). Suppose -a*z - 13 = u, 4*u - 2 = 2. Let d(q) = -2*q + 2. What are the prime factors of d(z)?
2
Suppose -2*t + 7*h = 6*h - 57, 2*t - 2*h - 62 = 0. List the prime factors of t.
2, 13
Suppose -3*t - 11 = -4*w, 0*t + 2*t = 5*w - 12. Let n be 1002/66 + w/(-11). Suppose -5*i + n + 15 = 0. List the prime factors of i.
2, 3
Let k(t) = t**3 + 6*t**2 + 4*t - 2. Let c be k(-5). Suppose -l + c = -0. Suppose -l*m + 53 = 2*m + 4*q, 2*q - 31 = -3*m. List the prime factors of m.
3
List the prime factors of 30/(-4)*(-16)/3.
2, 5
Suppose -5*r - 24 + 6 = -3*f, 2*r = -5*f + 61. What are the prime factors of f?
11
Let x = 2 - -1. Suppose 4*o = 5*o - x. Suppose o*z = 2*z + 5. What are the prime factors of z?
5
Let z(q) = q**3 - 4*q**2 + 4*q. Let j be z(3). Let d(p) = -5*p - 4. Let r(i) = 10*i + 9. Let t(u) = j*r(u) + 7*d(u). What are the prime factors of t(-3)?
2, 7
Let s be ((-1)/2)/(3/6). Let a = 10 - s. Let r = a + 7. What are the prime factors of r?
2, 3
Suppose -10 = -2*r, 0 = -4*o + 5*r - 63 - 930. List the prime factors of o/(-12) - 2/12.
2, 5
Suppose 560 = 8*g + 2*g. List the prime factors of g.
2, 7
Suppose c - 2 + 0 = 0. Suppose -3*t - 6 = -6*t. Suppose -4*l + t*m + 35 = -7, 6 = c*m. List the prime factors of l.
2, 3
Suppose 4*l - u = 1207, 5 = 4*u + u. What are the prime factors of l?
2, 151
Let t = -9 + 47. Let p = -3 + t. What are the prime factors of p?
5, 7
Let j(x) = x**2 + 2*x - 5. Let t be j(-4). Let y be 57/(-2)*(-2)/t. Suppose -y = -5*i + 1, 2*p = -i + 32. List the prime factors of p.
2, 7
Suppose 88 = -0*a + 4*a. List the prime factors of a.
2, 11
Let a be (-4)/((-2)/1)*-1. Let o be 0 - (-27 - 4/a). List the prime factors of 70/o*5*1.
2, 7
Suppose 2*v = -2*v. Let o = v + -2. List the prime factors of o/(-9) + 176/18.
2, 5
Let w(g) = g**3 - 2*g**2 + 3*g - 3. Let b = -26 + 17. Let l = -6 - b. What are the prime factors of w(l)?
3, 5
Suppose 0*a = 5*a - 90. List the prime factors of a/10*60/18.
2, 3
Suppose 4*f - 5*f + 6 = 0. Suppose 2*j + 2 = -3*u - 2*j, f = 4*u + j. Suppose -8*h + 3*h + 25 = 0, -a - 8 = -u*h. What are the prime factors of a?
2
Let h be (-36)/(-2) - (2 - 0). Let g = h + -2. Suppose -5*x + 35 = 4*j, -5*x + 49 = 2*j + g. List the prime factors of x.
7
Let o be 29/4 + 2/(-8). Let r(q) = -q**3 + 6*q**2 + 8*q - 5. Let h be r(o). Let t = h + 0. What are the prime factors of t?
2
Suppose -n + 29 = -4*r, 3*r + 6*n - 2 = 2*n. Let u(q) = -q - 2. List the prime factors of u(r).
2
Suppose -999 = 2*j + 2*j + 5*l, 4*l = 5*j + 1259. List the prime factors of 14/77 - j/11.
23
Let o(n) = 4*n**2 + 6*n + 6. Let j(a) = -3*a**2 - 6*a - 5. Let r(m) = -5*j(m) - 4*o(m). Suppose 16 - 1 = 3*t. List the prime factors of r(t).
2, 3
Let n(m) = -m**2 - 12*m + 1. List the prime factors of n(-7).
2, 3
Let c = -11 + 8. Let i be (-2 + 0 + 0)*c. List the prime factors of 3 - 0*2/i.
3
Suppose -5*f + 5 = 2*l - 5, -3*l + 10 = 5*f. Suppose 0 = a + 2*t - 1, 0 = 2*a - 2*t - f*t - 34. What are the prime factors of a?
3
Suppose -2*j - 3*j + 110 = -5*k, -3*j = 5*k - 42. What are the prime factors of j?
19
Let x be (22 + 0)/(2/3). Let y = x - 30. List the prime factors of y.
3
Let t(i) = 5 - 2*i + 2*i + i. Let f be t(-5). Suppose f*k - 4*k = -40. What are the prime factors of k?
2, 5
Let r = 3 + -11. Let j = -9 - r. List the prime factors of -3*(j + 12/(-9)).
7
Suppose 0*o = -5*o + 165. Let f = o + -21. List the prime factors of f.
2, 3
Let v be ((-6)/(-4))/((-12)/16). Let n be -1 - v*1 - -15. Let i = n + -11. List the prime factors of i.
5
Let c be ((-3)/2)/((-1)/2). Suppose 0 = 2*x - 4*v + 16, -4 = c*x - 0*x - 2*v. List the prime factors of x.
2
Let m(p) = 2*p - 1. Let i be m(2). Suppose -i*j + 0 = -6. Let n(d) = 3*d**2 - 4*d + 2. List the prime factors of n(j).
2, 3
Suppose 186 = 9*l - 6*l. What are the prime factors of l?
2, 31
Suppose m - 25 = -5*q, q - 14 = -2*m - 0*m. Let w be 0 + 1 + 1/(-1). Suppose h + d = 14, -d + m + 0 = w. What are the prime factors of h?
3
Let a = -1 - -3. Let u(n) be the second derivative of n**4/12 + n**3/2 - n**2/2 - 5*n. List the prime factors of u(a).
3
Let f be (2/(-5))/((-7)/105). Suppose -i - 10 = -5*b - f*i, -3*b + 5*i + 46 = 0. List the prime factors of b.
7
Suppose -13 = 2*r - 5*n, -5*r - 6*n = -4*n + 47. What are the prime factors of 43 + r/(4 + -1)?
2, 5
Let x be 10*3*2/3. Suppose -15 = 3*k - 3*h, -h = 4*k + 4*h - 25. Suppose k*p = 2*p - x. List the prime factors of p.
2, 5
What are the prime factors of ((-1528)/(-16))/((2*1)/4)?
191
Let q(z) be the third derivative of -z**5/60 + z**4/4 - z**3/2 - z**2. Let b(j) = j**2 - 10*j + 18. Let c be b(8). List the prime factors of q(c).
5
Let s(i) = -100*i + 5. List the prime factors of s(-2).
5, 41
Suppose -5*w - 6 = 4. Let l = 4 - w. Suppose -3*a + l = -6, 2*x - 2*a - 18 = 0. List the prime factors of x.
13
Let j(d) = -2*d**3 + 3*d**2 + 3*d + 2. Let s be j(-2). Suppose 0 = -3*y + 6*y - s. What are the prime factors of y?
2
Let a(z) = -9*z + 1. What are the prime factors of a(-6)?
5, 11
Suppose 0 = 16*o - 12*o + 20. Suppose -4*u + 4*v = -v - 53, 5*u = -5*v + 10. Let m = u + o. What are the prime factors of m?
2
Let g(u) be the second derivative of -u**5/20 - 2*u**4/3 - 4*u**3/3 - u**2 - 6*u. What are the prime factors of g(-7)?
5
Let b be (-1 - -1)*(-1 + 0). Let s(x) = -7*x**2 - x - 16. Let p(w) = -w**2 - 1. Let o(z) = 6*p(z) - s(z). What are the prime factors of o(b)?
2, 5
Let x(w) = -3*w + 12. What are the prime factors of x(-5)?
3
Let v = 4 - 2. Suppose -v*l - 3*l + 20 = 0. Suppose 2*r + l = 0, u - 3*r + 18 = 4*u. What are the prime factors of u?
2
Let v = -8 - -6. Let g = 9 - v. List the prime factors of g.
11
Let q = -131 - -153. What are the prime factors of q?
2, 11
What are the prime factors of 10245/45 + (-8)/(-6)?
229
Suppose -3*x = -0 - 9. Let z = x + 15. List the prime factors of z.
2, 3
Let b(l) = l**2 + 4*l + 23. List the prime factors of b(-13).
2, 5, 7
Let l(y) = y**3 - 2*y**2 - 2*y + 6. Let j be (-225)/(-60) - 1/(-4). List the prime factors of l(j).
2, 3, 5
Let i(y) = y**3 - 8*y**2 + 4*y - 9. Let j be i(8). Suppose 2*c - j = 15. What are the prime factors of c?
19
Let g(p) = 2*p**3 - 1. Let d be g(2). Suppose -3*c - 5*s + 11 = 0, 3*c - 3*s + 10 + 11 = 0. Let x = c + d. List the prime factors of x.
2, 3
Let g(x) = 3*x - 11. What are the prime factors of g(6)?
7
Suppose -x - 3*i + 126 = 2*x, 3*i = -5*x + 200. List the prime factors of x.
37
Let c(u) = -2*u + u**3 - 1 + 10*u**2 - 4*u**2 + 5. What are the prime factors of c(-6)?
2
Suppose -2*u - 16 = -4*q, 5*u + 4*q + 6 = -6. Let s = 7 + u. What are the prime factors of s?
3
List the prime factors of 2*60 - (-27)/(-27).
7, 17
Let b(n) = 2*n**3 - 4*n**2 + 2*n 